{"id":14,"date":"2022-01-08T12:36:46","date_gmt":"2022-01-08T15:36:46","guid":{"rendered":"https:\/\/www.cabanhadafigueira.com.br\/site\/?page_id=14"},"modified":"2024-08-13T16:42:16","modified_gmt":"2024-08-13T19:42:16","slug":"premiacoes","status":"publish","type":"page","link":"https:\/\/www.cabanhadafigueira.com.br\/site\/premiacoes\/","title":{"rendered":"Principais Premia\u00e7\u00f5es"},"content":{"rendered":"<h2 style=\"text-align: center;\"><span style=\"color: #000000;\"><strong>Principais premia\u00e7\u00f5es conquistadas pela Cabanha da Figueira &#8211; Nombrado<\/strong><\/span><\/h2>\n<ul>\n<li><b>2013:<\/b> TERCEIRO MELHOR MACHO \u2013 PRIMEIRO PREMIO POTRANCO MENOR \u2013 Morfologia Passaporte \u2013 Rio Pardo \u2013 BICHARA 12 NOMBRADO<\/li>\n<li><b>2014:<\/b> GRANDE CAMPE\u00c3O \u2013 CAMPE\u00c3O CATEGORIA POTRANCO MAIOR &#8211; Exposi\u00e7\u00e3o Morfol\u00f3gica \u2013 Carazinho &#8211; BICHARA 12 NOMBRADO<\/li>\n<li><b>2014:<\/b> TERCEIRO MELHOR MACHO \u2013 TERCEIRO PREMIO CAVALO MENOR \u2013 Morfologia Passaporte \u2013 Esteio \u2013 BICHARA 12 NOMBRADO<\/li>\n<li><b>2015:<\/b> MELHOR EXEMPLAR DA RA\u00c7A E GRANDE CAMPE\u00c3 \u2013 CAMPE\u00c3 CATEGORIA POTRANCA MENOR &#8211; Exposi\u00e7\u00e3o Morfol\u00f3gica \u2013 Rio Pardo &#8211; DIVINDAD 42 NOMBRADO<\/li>\n<li><b>2015:<\/b> TERCEIRA MELHOR F\u00caMEA \u2013 RESERVADA CAMPE\u00c3 CATEGORIA POTRANCA MENOR &#8211; Exposi\u00e7\u00e3o Morfol\u00f3gica \u2013 Cruz Alta &#8211; DIVINDAD 42 NOMBRADO<\/li>\n<li><b>2015:<\/b> TERCEIRO MELHOR MACHO &#8211; CAMPE\u00c3O CATEGORIA &#8211; CAVALO MENOR \u2013 Exposi\u00e7\u00e3o Morfol\u00f3gica \u2013 Santa Rosa &#8211; BICHARA 12 NOMBRADO<\/li>\n<li><b>2015:<\/b> QUARTA MELHOR F\u00caMEA &#8211; RES. CAMPE\u00c3 CATEGORIA &#8211; \u00c9GUA MENOR \u2013 Exposi\u00e7\u00e3o Morfol\u00f3gica \u2013 Iju\u00ed &#8211; BELA LUNA 10 NOMBRADO<\/li>\n<li><b>2015:<\/b> RES. GRANDE CAMPE\u00c3O \u2013 CAMPE\u00c3O CATEGORIA CAVALO MENOR &#8211; Exposi\u00e7\u00e3o Morfol\u00f3gica \u2013 Carazinho &#8211; BICHARA 12 NOMBRADO<\/li>\n<li><b>2016:<\/b> QUARTA MELHOR F\u00caMEA \u2013 RESERVADA CAMPE\u00c3 \u00c9GUA ADULTA \u2013 Morfologia Passaporte \u2013 Santa Rosa \u2013 BAILANTA 19 NOMBRADO<\/li>\n<li><b>2017:<\/b> 5\u00ba LUGAR &#8211; Bocal de Ouro \u2013 Esteio &#8211; DENGOSA 45 NOMBRADO<\/li>\n<li><b>2017:<\/b> MELHOR EXEMPLAR DA RA\u00c7A E GRANDE CAMPE\u00c3 \u2013 CAMPE\u00c3 CATEGORIA \u00c9GUA ADULTA &#8211;\u00a0 Exposi\u00e7\u00e3o Morfol\u00f3gica \u2013 Cruz Alta &#8211; DIVINDAD 42 NOMBRADO<\/li>\n<li><b>2017:<\/b> GRANDE CAMPE\u00c3 \u2013 CAMPE\u00c3 CATEGORIA \u00c9GUA MENOR- Exposi\u00e7\u00e3o Morfol\u00f3gica \u2013 Carazinho &#8211; DIVINDAD 42 NOMBRADO<\/li>\n<li><b>2017:<\/b> RES. GRANDE CAMPE\u00c3 &#8211; \u00a0RESERVDA CATEGORIA \u00c9GUA ADULTA &#8211; Morfologia Passaporte \u2013 Caxias do Sul &#8211; DIVINDAD 42 NOMBRADO<\/li>\n<li><b>2018:<\/b> 3\u00ba LUGAR &#8211; Credenciadora Mista &#8211; Sant&#8217;Ana Do Livramento &#8211; DUQUE 39 NOMBRADO<\/li>\n<li><b>2018:<\/b> TERCEIRO MELHOR MACHO \u2013 SEGUNDO PREMIO CAVALO MENOR &#8211; Exposi\u00e7\u00e3o Morfol\u00f3gica \u2013 Esteio &#8211; FORMOSO 54 NOMBRADO-TE<\/li>\n<li><b>2018:<\/b> MELHOR EXEMPLAR DA RA\u00c7A E GRANDE CAMPE\u00c3 &#8211; \u00c9GUA ADULTA \u2013 Exposi\u00e7\u00e3o Morfol\u00f3gica \u2013 Cruz Alta &#8211; DIVINDAD 42 NOMBRADO<\/li>\n<li><b>2018:<\/b> MELHOR EXEMPLAR DA RA\u00c7A E GRANDE CAMPE\u00c3 \u2013 CAMPE\u00c3 CATEGORIA \u00c9GUA MENOR &#8211; Exposi\u00e7\u00e3o Morfol\u00f3gica \u2013 Santa Rosa &#8211; \u00c9S LINDA 51 NOMBRADO-TE<\/li>\n<li><b>2018:<\/b> MELHOR EXEMPLAR DA RA\u00c7A E GRANDE CAMPE\u00c3 &#8211; \u00c9GUA MENOR &#8211; Exposi\u00e7\u00e3o Morfol\u00f3gica \u2013 Passo Fundo &#8211; \u00c9S LINDA 51 NOMBRADO-TE<\/li>\n<li><b>2018:<\/b> RESERVADO CAMPE\u00c3O CATEGORIA &#8211; POTRANCO MAIOR &#8211; Exposi\u00e7\u00e3o Morfol\u00f3gica \u2013 Carazinho &#8211; FOGO NEGRO 55 NOMBRADO<\/li>\n<li><b>2018:<\/b> TERCEIRA MELHOR F\u00caMEA &#8211; CAMPE\u00c3 CATEGORIA &#8211; \u00c9GUA ADULTA \u2013 Exposi\u00e7\u00e3o Morfol\u00f3gica \u2013 Carazinho &#8211; BELA LUNA 10 NOMBRADO<\/li>\n<li><b>2018:<\/b> GRANDE CAMPE\u00c3 \u2013 CAMPE\u00c3 CATEGORIA \u00c9GUA MENOR Exposi\u00e7\u00e3o Morfol\u00f3gica \u2013 Carazinho &#8211; \u00c9S LINDA 51 NOMBRADO-TE<\/li>\n<li><b>2018:<\/b> TERCEIRO MELHOR MACHO &#8211; RES. CAMPE\u00c3O CATEGORIA POTRANCO MAIOR &#8211; Exposi\u00e7\u00e3o Morfol\u00f3gica \u2013 Santa Rosa &#8211; FOGO NEGRO 55 NOMBRADO<\/li>\n<li><b>2018:<\/b> INTEGRANTE TIME BRASILEIRO DE MORFOLOGIA &#8211; FICCC 2018 \u2013 DIVINDAD 42 NOMBRADO<\/li>\n<li><b>2019:<\/b> TERCEIRA MELHOR DA CATEGORIA \u2013 \u00c9GUA ADULTA &#8211; Exposi\u00e7\u00e3o Morfol\u00f3gica \u2013 Santo \u00c2ngelo \u2013 FEITICEIRA 57 NOMBRADO<\/li>\n<li><b>2019:<\/b> RES. CAMPE\u00c3 CATEGORIA &#8211; POTRANCA MENOR &#8211; Exposi\u00e7\u00e3o Morfol\u00f3gica \u2013 Santo \u00c2ngelo &#8211; HERENCIA 68 NOMBRADO<\/li>\n<li><b>2019:<\/b> 6\u00ba LUGAR &#8211; Final Freio de Ouro &#8211; Esteio &#8211; DIVINDAD 42 NOMBRADO<\/li>\n<li><b>2019:<\/b> CAMPE\u00c3O CATEGORIA \u2013 CAVALO MENOR \u2013 Exposi\u00e7\u00e3o Morfol\u00f3gica \u2013 Cruz Alta &#8211; FOGO NEGRO 55 NOMBRADO<\/li>\n<li><b>2019:<\/b> CAMPE\u00c3 CATEGORIA &#8211; \u00c9GUA ADULTA \u2013 Exposi\u00e7\u00e3o Morfol\u00f3gica \u2013 Cruz Alta &#8211; BELA LUNA 10 NOMBRADO<\/li>\n<li><b>2020:<\/b> 1\u00ba LUGAR &#8211; Classificat\u00f3ria Regional &#8211; Esteio &#8211; DIVINDAD 42 NOMBRADO<\/li>\n<li><b>2020:<\/b> 2\u00ba LUGAR \u2013 FREIO DE PRATA &#8211; Final Freio de Ouro &#8211; Esteio &#8211; DIVINDAD 42 NOMBRADO<\/li>\n<li><b>2020:<\/b> QUINTO PR\u00caMIO &#8211; \u00c9GUA ADULTA \u2013 Morfologia Expointer &#8211; BAILANTA 19 NOMBRADO<\/li>\n<li><b>2021:<\/b> RESERVADO CAMPE\u00c3 CATEGORIA &#8211; \u00c9GUA ADULTA &#8211; Morfologia Expointer \u2013 Esteio &#8211; DIVINDAD 42 NOMBRADO<\/li>\n<li><b>2022:<\/b> GRANDE CAMPE\u00c3O INCENTIVO MAIOR &#8211; Exposi\u00e7\u00e3o Morfol\u00f3gica \u2013 Lagoa Vermelha &#8211; LEVIAT\u00c3 81 NOMBRADO<\/li>\n<li><b>2022:<\/b> RESERVADO CAMPE\u00c3O MINI INCENTIVO &#8211; Exposi\u00e7\u00e3o Morfol\u00f3gica \u2013 Lagoa Vermelha \u2013 MAESTRILLO 90 NOMBRADO<\/li>\n<li><b>2022:<\/b> RESERVADO GRANDE CAMPE\u00c3O \u2013 CAMPE\u00c3O CATEGORIA POTRANCO MENOR &#8211; Exposi\u00e7\u00e3o Morfol\u00f3gica &#8211; Palmeira Das Miss\u00f5es &#8211; LEVIAT\u00c3 81 NOMBRADO<\/li>\n<li><strong>2022:<\/strong> 1\u00ba LUGAR \u2013 Credenciadora Mista \u2013 Piratini \u2013 BAILANTA 19 NOMBRADO<\/li>\n<li><strong>2022:<\/strong> CAMPE\u00c3O CATEGORIA POTRANCO MENOR \u2013 Exposi\u00e7\u00e3o Morfol\u00f3gica \u2013 Frederico Westphalen \u2013 LEVIAT\u00c3 81 NOMBRADO<\/li>\n<li><strong>2022:<\/strong> GRANDE CAMPE\u00c3O MACHOS \u2013 Exposi\u00e7\u00e3o Morfol\u00f3gica \u2013 Frederico Westphalen \u2013 LEVIAT\u00c3 81 NOMBRADO<\/li>\n<li><strong>2022:<\/strong> CAMPE\u00c3O CATEGORIA POTRANCO MENOR \u2013 Exposi\u00e7\u00e3o Morfol\u00f3gica \u2013 Cruz Alta \u2013 LEVIAT\u00c3 81 NOMBRADO<\/li>\n<li><strong>2022:<\/strong> GRANDE CAMPE\u00c3O MACHOS \u2013 Exposi\u00e7\u00e3o Morfol\u00f3gica \u2013 Cruz Alta \u2013 LEVIAT\u00c3 81 NOMBRADO<\/li>\n<li><strong>2022:<\/strong> RESERVADO GRANDE CAMPE\u00c3O \u2013 Exposi\u00e7\u00e3o Morfol\u00f3gica \u2013 Santo \u00c2ngelo \u2013 LEVIAT\u00c3 81 NOMBRADO<\/li>\n<li><strong>2022:<\/strong> RESERVADO GRANDE CAMPE\u00c3 \u2013 Exposi\u00e7\u00e3o Morfol\u00f3gica \u2013 Santo \u00c2ngelo \u2013 DIVINDAD 42 NOMBRADO<\/li>\n<li><strong>2022:<\/strong> Aprovado na Pr\u00e9via para Final Morfol\u00f3gica da Expointer &#8211; Esteio &#8211; LEVIAT\u00c3 81 NOMBRADO<\/li>\n<li><strong>2022:<\/strong> RESERVADO GRANDE CAMPE\u00c3O \u2013 Exposi\u00e7\u00e3o Morfol\u00f3gica Expo Tapejara \u2013 Tapejara \u2013 LEVIAT\u00c3 81 NOMBRADO<\/li>\n<li><strong>2022:<\/strong> PRIMEIRO PR\u00caMIO \u2013 POTRANCO MENOR \u2013 Morfologia Expointer \u2013 Esteio \u2013 LEVIAT\u00c3 81 NOMBRADO<\/li>\n<li><strong>2022:<\/strong> CAMPE\u00c3O POTRANCO MAIOR &#8211; Exposi\u00e7\u00e3o Morfol\u00f3gica \u2013 Lagoa Vermelha \u2013 LEVIAT\u00c3 81 NOMBRADO<\/li>\n<li><strong>2022:<\/strong> CAMPE\u00c3 INCENTIVO MENOR &#8211; Exposi\u00e7\u00e3o Morfol\u00f3gica \u2013 Lagoa Vermelha \u2013 NIRVANA 99 NOMBRADO<\/li>\n<li><strong>2022:<\/strong> GRANDE CAMPE\u00c3O MACHOS \u2013 Exposi\u00e7\u00e3o Morfol\u00f3gica \u2013 Lagoa Vermelha \u2013 LEVIAT\u00c3 81 NOMBRADO<\/li>\n<li><strong>2022:<\/strong> GRANDE CAMPE\u00c3 INCENTIVO &#8211; Exposi\u00e7\u00e3o Morfol\u00f3gica \u2013 Lagoa Vermelha \u2013 NIRVANA 99 NOMBRADO<\/li>\n<li><strong>2023:\u00a0<\/strong>3\u00b0 LUGAR \u2013 \u00c9GUA PRENHE \u2013 Exposi\u00e7\u00e3o Morfol\u00f3gica \u2013 Passo Fundo &#8211; BELA LUNA 10 NOMBRADO<\/li>\n<li><strong>2023:\u00a0<\/strong>GRANDE CAMPE\u00c3 \u2013 \u00c9GUA COM CRIA &#8211; Exposi\u00e7\u00e3o Morfol\u00f3gica \u2013 Passo Fundo \u2013 DEVASSA DA P\u00c1TRIA CRIOULA<\/li>\n<li><strong>2023:\u00a0<\/strong>RESERVADO GRANDE CAMPE\u00c3 \u2013 \u00c9GUA COM CRIA &#8211; Exposi\u00e7\u00e3o Morfol\u00f3gica \u2013 Passo Fundo \u2013 MESCLA SOMBRA<\/li>\n<li><strong>2023:\u00a0<\/strong>DIVINDAD 42 NOMBRADO \u2013 Recordista de valoriza\u00e7\u00e3o na ra\u00e7a &#8211; Leil\u00e3o Mancha Crioula 2023<\/li>\n<li><strong>2023:\u00a0<\/strong>1\u00ba LUGAR \u2013 FREIO DE OURO \u2013 Final Freno de Oro FICCC\u2013 Buenos Aires &#8211; Palermo \u2013 DIVINDAD 42 NOMBRADO<\/li>\n<li><strong>2023:<\/strong> RESERVADO GRANDE CAMPE\u00c3O \u2013 Exposi\u00e7\u00e3o Morfol\u00f3gica &#8211; FENAMILHO \u2013 Santo \u00c2ngelo \u2013 LEVIAT\u00c3 81 NOMBRADO<\/li>\n<li><strong>2023:<\/strong> RESERVADO GRANDE CAMPE\u00c3 INCENTIVO \u2013 Exposi\u00e7\u00e3o Morfol\u00f3gica &#8211; FENAMILHO \u2013 Santo \u00c2ngelo \u2013 NIRVANA 99 NOMBRADO<\/li>\n<li><strong>2023:<\/strong> RESERVADO GRANDE CAMPE\u00c3 \u2013 \u00c9GUA PRENHE \u2013 Exposi\u00e7\u00e3o Morfol\u00f3gica &#8211; FENAMILHO \u2013 Santo \u00c2ngelo \u2013 BELA LUNA 10 NOMBRADO<\/li>\n<li><strong>2023:<\/strong>\u00a0RES. GRANDE CAMPE\u00c3O \u2013 CAVALO MENOR \u2013 Morfologia Passaporte \u2013 Lages \u2013 LEVIAT\u00c3 81 NOMBRADO<\/li>\n<li><strong>2023:<\/strong>\u00a0QUARTO MELHOR MACHO \u2013 Morfologia Passaporte \u2013 Lages \u2013 LEVIAT\u00c3 81 NOMBRADO<\/li>\n<li><strong>2023:<\/strong> PRIMEIRO PR\u00caMIO \u2013 CAVALO MENOR \u2013 Morfologia Expointer \u2013 Esteio \u2013 LEVIAT\u00c3 81 NOMBRADO<\/li>\n<li><strong>2023:<\/strong> CAMPE\u00c3O MINI INCENTIVO \u2013 Exposi\u00e7\u00e3o Morfol\u00f3gica de Primavera \u2013 Cruz Alta \u2013 ORFEU 105 NOMBRADO<\/li>\n<li><strong>2023:<\/strong> GRANDE CAMPE\u00c3O INCENTIVO \u2013 Exposi\u00e7\u00e3o Morfol\u00f3gica de Primavera \u2013 Cruz Alta \u2013 ORFEU 105 NOMBRADO<\/li>\n<li><strong>2023:<\/strong> GRANDE CAMPE\u00c3O MACHOS \u2013 CAMPE\u00c3O CATEGORIA CAVALO MENOR \u2013 Exposi\u00e7\u00e3o Morfol\u00f3gica \u2013 Carazinho \u2013 LEVIAT\u00c3 81 NOMBRADO<\/li>\n<li><strong>2024:<\/strong> QUARTO MELHOR MACHO INCENTIVO \u2013 EXPOSI\u00c7\u00c3O Morfol\u00f3gica Macha Crioula &#8211; Esteio \u2013 ORFEU 105 NOMBRADO<\/li>\n<li><strong>2024:<\/strong> MELHOR EXEMPLAR DA RA\u00c7A &#8211; Exposi\u00e7\u00e3o Morfol\u00f3gica &#8211; Santo \u00c2ngelo &#8211; NIRVANA 99 NOMBRADO<\/li>\n<li><strong>2024:<\/strong> GRANDE CAMPE\u00c3O INCENTIVO &#8211; Exposi\u00e7\u00e3o Morfol\u00f3gica &#8211; Santo \u00c2ngelo &#8211; ORFEU 109 NOMBRADO<\/li>\n<li><strong>2024:<\/strong> CAMPE\u00c3 &#8211; POTRANCA MENOR &#8211; Exposi\u00e7\u00e3o Morfol\u00f3gica &#8211; Santo \u00c2ngelo &#8211; NIRVANA 99 NOMBRADO<\/li>\n<li><strong>2024:<\/strong> RESERVADA DE GRANDE CAMPE\u00c3 &#8211; \u00c9GUA PRENHE &#8211; Exposi\u00e7\u00e3o Morfol\u00f3gica &#8211; Santo \u00c2ngelo &#8211; BELA LUNA 10 NOMBRADO<\/li>\n<li><strong>2024:<\/strong> GRANDE CAMPE\u00c3 &#8211; Exposi\u00e7\u00e3o Morfol\u00f3gica &#8211; Santo \u00c2ngelo &#8211; NIRVANA 99 NOMBRADO<\/li>\n<li><strong>2024:<\/strong> RESERVADO CAMPE\u00c3O &#8211; CAVALO ADULTO &#8211; Exposi\u00e7\u00e3o Morfol\u00f3gica &#8211; Santo \u00c2ngelo &#8211; LACAN 080 NOMBRADO<\/li>\n<li><strong>2024:<\/strong> CAMPE\u00c3O INCENTIVO MAIOR &#8211; Exposi\u00e7\u00e3o Morfol\u00f3gica &#8211; Santo \u00c2ngelo &#8211; ORFEU 109 NOMBRADO<\/li>\n<li><strong>2024:<\/strong> CAMPE\u00c3 POTRANCA MENOR &#8211; Exposi\u00e7\u00e3o Morfol\u00f3gica &#8211; Expo Tapejara &#8211; NIRVANA 99 NOMBRADO<\/li>\n<li><strong>2024:<\/strong> GRANDE CAMPE\u00c3 &#8211; Exposi\u00e7\u00e3o Morfol\u00f3gica &#8211; Expo Tapejara &#8211; NIRVANA 99 NOMBRADO<\/li>\n<li><strong>2024:<\/strong> MELHOR EXEMPLAR DA RA\u00c7A &#8211; Exposi\u00e7\u00e3o Morfol\u00f3gica &#8211; Expo Tapejara &#8211; NIRVANA 99 NOMBRADO<\/li>\n<li><strong>2024:<\/strong> TERCEIRO MELHOR INCENTIVO MAIOR &#8211; Exposi\u00e7\u00e3o Morfol\u00f3gica &#8211; Expo Tapejara &#8211; ORFEU 105 NOMBRADO<\/li>\n<\/ul>\n","protected":false},"excerpt":{"rendered":"<p>Principais premia\u00e7\u00f5es conquistadas pela Cabanha da Figueira &#8211; Nombrado 2013: TERCEIRO MELHOR MACHO \u2013 PRIMEIRO PREMIO POTRANCO MENOR \u2013 Morfologia Passaporte \u2013 Rio Pardo \u2013 BICHARA 12 NOMBRADO 2014: GRANDE CAMPE\u00c3O \u2013 CAMPE\u00c3O CATEGORIA POTRANCO MAIOR &#8211; Exposi\u00e7\u00e3o Morfol\u00f3gica \u2013 Carazinho &#8211; BICHARA 12 NOMBRADO 2014: TERCEIRO MELHOR MACHO \u2013 TERCEIRO PREMIO CAVALO MENOR \u2013 [&hellip;]<\/p>\n","protected":false},"author":1,"featured_media":0,"parent":0,"menu_order":0,"comment_status":"closed","ping_status":"closed","template":"","meta":{"footnotes":""},"class_list":["post-14","page","type-page","status-publish","hentry"],"_links":{"self":[{"href":"https:\/\/www.cabanhadafigueira.com.br\/site\/wp-json\/wp\/v2\/pages\/14"}],"collection":[{"href":"https:\/\/www.cabanhadafigueira.com.br\/site\/wp-json\/wp\/v2\/pages"}],"about":[{"href":"https:\/\/www.cabanhadafigueira.com.br\/site\/wp-json\/wp\/v2\/types\/page"}],"author":[{"embeddable":true,"href":"https:\/\/www.cabanhadafigueira.com.br\/site\/wp-json\/wp\/v2\/users\/1"}],"replies":[{"embeddable":true,"href":"https:\/\/www.cabanhadafigueira.com.br\/site\/wp-json\/wp\/v2\/comments?post=14"}],"version-history":[{"count":28,"href":"https:\/\/www.cabanhadafigueira.com.br\/site\/wp-json\/wp\/v2\/pages\/14\/revisions"}],"predecessor-version":[{"id":170,"href":"https:\/\/www.cabanhadafigueira.com.br\/site\/wp-json\/wp\/v2\/pages\/14\/revisions\/170"}],"wp:attachment":[{"href":"https:\/\/www.cabanhadafigueira.com.br\/site\/wp-json\/wp\/v2\/media?parent=14"}],"curies":[{"name":"wp","href":"https:\/\/api.w.org\/{rel}","templated":true}]}}