{"id":10,"date":"2022-01-08T12:36:07","date_gmt":"2022-01-08T15:36:07","guid":{"rendered":"https:\/\/www.cabanhadafigueira.com.br\/site\/?page_id=10"},"modified":"2024-07-11T23:24:08","modified_gmt":"2024-07-12T02:24:08","slug":"a-cabanha","status":"publish","type":"page","link":"https:\/\/www.cabanhadafigueira.com.br\/site\/a-cabanha\/","title":{"rendered":"A Cabanha da Figueira"},"content":{"rendered":"<h2 style=\"text-align: center;\"><span style=\"color: #000000;\"><strong>HIST\u00d3RICO DA CABANHA DA FIGUEIRA<\/strong><\/span><\/h2>\n<p><strong>Localizada no munic\u00edpio de Panambi\/RS, a Cabanha da Figueira, afixo Nombrado, desenvolve a cria\u00e7\u00e3o de cavalos da ra\u00e7a crioula, com um trabalho de extrema sele\u00e7\u00e3o racial, na busca de animais morfol\u00f3gicos e funcionais.<\/strong><\/p>\n<p><strong>A Fam\u00edlia Zancanaro Tonet, iniciou sua cria\u00e7\u00e3o no ano de 2009. Por ser uma Fam\u00edlia de origem empres\u00e1ria, buscou aconselhamentos e assessoria dos grandes criadores da ra\u00e7a, podendo adquirir matrizes provadas, que at\u00e9 os dias de hoje partejam nos campos Nombrados. Em pouco mais de uma d\u00e9cada, gra\u00e7as a essas grandes matriarcas e do estudo zoot\u00e9cnico apurado, se conquistam grandes resultados, primando por animais de ampla beleza, docilidade e fun\u00e7\u00e3o incontest\u00e1vel.<\/strong><\/p>\n<div class=\"foogallery foogallery-container foogallery-justified foogallery-lightbox-foobox fg-justified fg-dark fg-border-medium fg-round-medium fg-shadow-large fg-shadow-inset-medium fg-loading-default fg-loaded-fade-in fg-custom fg-caption-hover fg-hover-fade fg-hover-zoom\" id=\"foogallery-gallery-85\" data-foogallery=\"{&quot;item&quot;:{&quot;showCaptionTitle&quot;:true,&quot;showCaptionDescription&quot;:true},&quot;lazy&quot;:true,&quot;src&quot;:&quot;data-src-fg&quot;,&quot;srcset&quot;:&quot;data-srcset-fg&quot;,&quot;template&quot;:{&quot;rowHeight&quot;:250,&quot;maxRowHeight&quot;:&quot;200%&quot;,&quot;margins&quot;:8,&quot;lastRow&quot;:&quot;center&quot;}}\" data-fg-common-fields=\"1\" >\n\t<div class=\"fg-item\"><figure class=\"fg-item-inner\"><a href=\"https:\/\/www.cabanhadafigueira.com.br\/site\/wp-content\/uploads\/2022\/02\/1-1.jpeg\" data-attachment-id=\"86\" class=\" fg-thumb\"><img height=\"250\" width=\"317\" data-src-fg=\"https:\/\/www.cabanhadafigueira.com.br\/site\/wp-content\/uploads\/cache\/2022\/02\/1-1\/578486307.jpeg\" class=\"fg-image\" \/><\/a><figcaption class=\"fg-caption\"><div class=\"fg-caption-inner\"><\/div><\/figcaption><\/figure><\/div><div class=\"fg-item\"><figure class=\"fg-item-inner\"><a href=\"https:\/\/www.cabanhadafigueira.com.br\/site\/wp-content\/uploads\/2022\/02\/2-1.jpeg\" data-attachment-id=\"87\" class=\" fg-thumb\"><img height=\"250\" width=\"318\" data-src-fg=\"https:\/\/www.cabanhadafigueira.com.br\/site\/wp-content\/uploads\/cache\/2022\/02\/2-1\/1782990085.jpeg\" class=\"fg-image\" \/><\/a><figcaption class=\"fg-caption\"><div class=\"fg-caption-inner\"><\/div><\/figcaption><\/figure><\/div><div class=\"fg-item\"><figure class=\"fg-item-inner\"><a href=\"https:\/\/www.cabanhadafigueira.com.br\/site\/wp-content\/uploads\/2022\/02\/3-1.jpeg\" data-attachment-id=\"88\" class=\" fg-thumb\"><img height=\"250\" width=\"319\" data-src-fg=\"https:\/\/www.cabanhadafigueira.com.br\/site\/wp-content\/uploads\/cache\/2022\/02\/3-1\/3406462862.jpeg\" class=\"fg-image\" \/><\/a><figcaption class=\"fg-caption\"><div class=\"fg-caption-inner\"><\/div><\/figcaption><\/figure><\/div><div class=\"fg-item\"><figure class=\"fg-item-inner\"><a href=\"https:\/\/www.cabanhadafigueira.com.br\/site\/wp-content\/uploads\/2022\/02\/4.jpeg\" data-attachment-id=\"89\" class=\" fg-thumb\"><img height=\"250\" width=\"319\" data-src-fg=\"https:\/\/www.cabanhadafigueira.com.br\/site\/wp-content\/uploads\/cache\/2022\/02\/4\/3845379823.jpeg\" class=\"fg-image\" \/><\/a><figcaption class=\"fg-caption\"><div class=\"fg-caption-inner\"><\/div><\/figcaption><\/figure><\/div><div class=\"fg-item\"><figure class=\"fg-item-inner\"><a href=\"https:\/\/www.cabanhadafigueira.com.br\/site\/wp-content\/uploads\/2022\/02\/6.jpeg\" data-attachment-id=\"94\" class=\" fg-thumb\"><img height=\"250\" width=\"375\" data-src-fg=\"https:\/\/www.cabanhadafigueira.com.br\/site\/wp-content\/uploads\/cache\/2022\/02\/6\/2642737721.jpeg\" class=\"fg-image\" \/><\/a><figcaption class=\"fg-caption\"><div class=\"fg-caption-inner\"><\/div><\/figcaption><\/figure><\/div><div class=\"fg-item\"><figure class=\"fg-item-inner\"><a href=\"https:\/\/www.cabanhadafigueira.com.br\/site\/wp-content\/uploads\/2022\/02\/7.jpeg\" data-attachment-id=\"95\" class=\" fg-thumb\"><img height=\"250\" width=\"375\" data-src-fg=\"https:\/\/www.cabanhadafigueira.com.br\/site\/wp-content\/uploads\/cache\/2022\/02\/7\/2776730211.jpeg\" class=\"fg-image\" \/><\/a><figcaption class=\"fg-caption\"><div class=\"fg-caption-inner\"><\/div><\/figcaption><\/figure><\/div><div class=\"fg-item\"><figure class=\"fg-item-inner\"><a href=\"https:\/\/www.cabanhadafigueira.com.br\/site\/wp-content\/uploads\/2022\/02\/8.jpeg\" data-attachment-id=\"96\" class=\" fg-thumb\"><img height=\"250\" width=\"375\" data-src-fg=\"https:\/\/www.cabanhadafigueira.com.br\/site\/wp-content\/uploads\/cache\/2022\/02\/8\/196798873.jpeg\" class=\"fg-image\" \/><\/a><figcaption class=\"fg-caption\"><div class=\"fg-caption-inner\"><\/div><\/figcaption><\/figure><\/div><div class=\"fg-item\"><figure class=\"fg-item-inner\"><a href=\"https:\/\/www.cabanhadafigueira.com.br\/site\/wp-content\/uploads\/2022\/02\/9.jpeg\" data-attachment-id=\"97\" class=\" fg-thumb\"><img height=\"250\" width=\"345\" data-src-fg=\"https:\/\/www.cabanhadafigueira.com.br\/site\/wp-content\/uploads\/cache\/2022\/02\/9\/868194755.jpeg\" class=\"fg-image\" \/><\/a><figcaption class=\"fg-caption\"><div class=\"fg-caption-inner\"><\/div><\/figcaption><\/figure><\/div><div class=\"fg-item\"><figure class=\"fg-item-inner\"><a href=\"https:\/\/www.cabanhadafigueira.com.br\/site\/wp-content\/uploads\/2022\/02\/WhatsApp-Image-2022-02-16-at-14.22.38-1.jpeg\" data-attachment-id=\"98\" class=\" fg-thumb\"><img height=\"250\" width=\"333\" data-src-fg=\"https:\/\/www.cabanhadafigueira.com.br\/site\/wp-content\/uploads\/cache\/2022\/02\/WhatsApp-Image-2022-02-16-at-14_22_38-1\/89459726.jpeg\" class=\"fg-image\" \/><\/a><figcaption class=\"fg-caption\"><div class=\"fg-caption-inner\"><\/div><\/figcaption><\/figure><\/div><div class=\"fg-item\"><figure class=\"fg-item-inner\"><a href=\"https:\/\/www.cabanhadafigueira.com.br\/site\/wp-content\/uploads\/2022\/02\/WhatsApp-Image-2022-02-16-at-14.22.38-2.jpeg\" data-attachment-id=\"99\" class=\" fg-thumb\"><img height=\"250\" width=\"375\" data-src-fg=\"https:\/\/www.cabanhadafigueira.com.br\/site\/wp-content\/uploads\/cache\/2022\/02\/WhatsApp-Image-2022-02-16-at-14_22_38-2\/2692942634.jpeg\" class=\"fg-image\" \/><\/a><figcaption class=\"fg-caption\"><div class=\"fg-caption-inner\"><\/div><\/figcaption><\/figure><\/div><div class=\"fg-item\"><figure class=\"fg-item-inner\"><a href=\"https:\/\/www.cabanhadafigueira.com.br\/site\/wp-content\/uploads\/2022\/02\/WhatsApp-Image-2022-02-16-at-14.22.39.jpeg\" data-attachment-id=\"100\" class=\" fg-thumb\"><img height=\"250\" width=\"375\" data-src-fg=\"https:\/\/www.cabanhadafigueira.com.br\/site\/wp-content\/uploads\/cache\/2022\/02\/WhatsApp-Image-2022-02-16-at-14_22_39\/1904288606.jpeg\" class=\"fg-image\" \/><\/a><figcaption class=\"fg-caption\"><div class=\"fg-caption-inner\"><\/div><\/figcaption><\/figure><\/div><div class=\"fg-item\"><figure class=\"fg-item-inner\"><a href=\"https:\/\/www.cabanhadafigueira.com.br\/site\/wp-content\/uploads\/2022\/02\/WhatsApp-Image-2022-02-16-at-14.22.40-1.jpeg\" data-attachment-id=\"90\" class=\" fg-thumb\"><img height=\"250\" width=\"376\" data-src-fg=\"https:\/\/www.cabanhadafigueira.com.br\/site\/wp-content\/uploads\/cache\/2022\/02\/WhatsApp-Image-2022-02-16-at-14_22_40-1\/4075933258.jpeg\" class=\"fg-image\" \/><\/a><figcaption class=\"fg-caption\"><div class=\"fg-caption-inner\"><\/div><\/figcaption><\/figure><\/div><div class=\"fg-item\"><figure class=\"fg-item-inner\"><a href=\"https:\/\/www.cabanhadafigueira.com.br\/site\/wp-content\/uploads\/2022\/02\/WhatsApp-Image-2022-02-16-at-14.22.40-3.jpeg\" data-attachment-id=\"91\" class=\" fg-thumb\"><img height=\"250\" width=\"321\" data-src-fg=\"https:\/\/www.cabanhadafigueira.com.br\/site\/wp-content\/uploads\/cache\/2022\/02\/WhatsApp-Image-2022-02-16-at-14_22_40-3\/1079827757.jpeg\" class=\"fg-image\" \/><\/a><figcaption class=\"fg-caption\"><div class=\"fg-caption-inner\"><\/div><\/figcaption><\/figure><\/div><div class=\"fg-item\"><figure class=\"fg-item-inner\"><a href=\"https:\/\/www.cabanhadafigueira.com.br\/site\/wp-content\/uploads\/2022\/02\/WhatsApp-Image-2022-02-16-at-14.22.40.jpeg\" data-attachment-id=\"92\" class=\" fg-thumb\"><img height=\"250\" width=\"250\" data-src-fg=\"https:\/\/www.cabanhadafigueira.com.br\/site\/wp-content\/uploads\/cache\/2022\/02\/WhatsApp-Image-2022-02-16-at-14_22_40\/3207091018.jpeg\" class=\"fg-image\" \/><\/a><figcaption class=\"fg-caption\"><div class=\"fg-caption-inner\"><\/div><\/figcaption><\/figure><\/div><div class=\"fg-item\"><figure class=\"fg-item-inner\"><a href=\"https:\/\/www.cabanhadafigueira.com.br\/site\/wp-content\/uploads\/2022\/02\/5.jpeg\" data-attachment-id=\"93\" class=\" fg-thumb\"><img height=\"250\" width=\"376\" data-src-fg=\"https:\/\/www.cabanhadafigueira.com.br\/site\/wp-content\/uploads\/cache\/2022\/02\/5\/1752365747.jpeg\" class=\"fg-image\" \/><\/a><figcaption class=\"fg-caption\"><div class=\"fg-caption-inner\"><\/div><\/figcaption><\/figure><\/div><\/div>\n\n<div style=\"display: none;\">\n<p>cabanha panambi cavalo panambi, \u00e9gua em panambi, matriz, Panambi RS, matriz e cabanha potro panambi<\/p>\n<h1>matriz em Panambi,\u00a0\u00e9gua panambi, cavalo panambi,<\/h1>\n<h2>matriz em panambi, cabanha panambi e regi\u00e3o, cavalo panambi em panambi, matriz venda \u00e9gua cabanha potro panambi, cabanha em panambi rs, matriz, para panambi e regi\u00e3o, matriz para panambi e regi\u00e3o\u00a0cabanha potro cabanha potro panambi de matriz em panambi, cabanha panambi e regi\u00e3o, cavalo panambi em panambi, matriz venda \u00e9gua cabanha potro panambi, cabanha em panambi rs, matriz,<a title=\"cabanha potro cabanha potro panambi de matriz em panambi, cabanha panambi e regi\u00e3o, cavalo panambi em panambi, matriz venda \u00e9gua cabanha potro panambi, cabanha em panambi rs, matriz, para panambi e regi\u00e3o, matriz para panambi e regi\u00e3o\" href=\"https:\/\/www.cabanhadafigueira.com.br\">para panambi e regi\u00e3o, matriz para panambi e regi\u00e3o\u00a0cabanha potro cabanha potro panambi de matriz em panambi, cabanha panambi e regi\u00e3o, cavalo panambi em panambi, matriz venda \u00e9gua cabanha potro panambi, cabanha em panambi rs, matriz<\/a>, para panambi e regi\u00e3o, matriz para panambi e regi\u00e3o\u00a0cabanha potro cabanha potro panambi de matriz em panambi, cabanha panambi e regi\u00e3o, cavalo panambi em panambi, matriz venda \u00e9gua cabanha potro panambi, cabanha em panambi rs, matriz, para panambi e regi\u00e3o, matriz para panambi e regi\u00e3o\u00a0cabanha potro cabanha potro panambi de matriz em panambi, cabanha panambi e regi\u00e3o, cavalo panambi em panambi, matriz venda \u00e9gua cabanha potro panambi, cabanha em panambi rs, matriz, para panambi e regi\u00e3o,<a title=\"cabanha potro cabanha potro panambi de matriz em panambi, cabanha panambi e regi\u00e3o, cavalo panambi em panambi, matriz venda \u00e9gua cabanha potro panambi, cabanha em panambi rs, matriz, para panambi e regi\u00e3o, matriz para panambi e regi\u00e3o\" href=\"https:\/\/www.cabanhadafigueira.com.br\/site\">matriz para panambi e regi\u00e3o\u00a0cabanha potro cabanha potro panambi de matriz em panambi, cabanha panambi e regi\u00e3o, cria\u00e7\u00e3o de sit<\/a>es em panambi, matriz venda \u00e9gua cabanha potro panambi, cabanha em panambi rs, matriz, para panambi e regi\u00e3o, matriz para panambi e regi\u00e3o<\/h2>\n<div id=\"attachment_747\" style=\"width: 353px\" class=\"wp-caption aligncenter\"><a href=\"https:\/\/www.cabanhadafigueira.com.br\/site\/wp-content\/uploads\/2013\/06\/panambi.jpg\"><img decoding=\"async\" aria-describedby=\"caption-attachment-747\" class=\"size-full wp-image-747 \" title=\"cabanha potro cabanha potro panambi de matriz em Panambi\" src=\"https:\/\/www.cabanhadafigueira.com.br\/site\/wp-content\/uploads\/2013\/06\/panambi.jpg\" alt=\"cabanha potro cabanha potro panambi de matriz em Panambi\" width=\"343\" height=\"300\" loading=\"lazy\" \/><\/a><p id=\"caption-attachment-747\" class=\"wp-caption-text\">cabanha potro cabanha potro panambi de matriz em Panambi<\/p><\/div>\n<\/div>\n","protected":false},"excerpt":{"rendered":"<p>HIST\u00d3RICO DA CABANHA DA FIGUEIRA Localizada no munic\u00edpio de Panambi\/RS, a Cabanha da Figueira, afixo Nombrado, desenvolve a cria\u00e7\u00e3o de cavalos da ra\u00e7a crioula, com um trabalho de extrema sele\u00e7\u00e3o racial, na busca de animais morfol\u00f3gicos e funcionais. A Fam\u00edlia Zancanaro Tonet, iniciou sua cria\u00e7\u00e3o no ano de 2009. Por ser uma Fam\u00edlia de origem [&hellip;]<\/p>\n","protected":false},"author":1,"featured_media":0,"parent":0,"menu_order":0,"comment_status":"closed","ping_status":"closed","template":"","meta":{"footnotes":""},"class_list":["post-10","page","type-page","status-publish","hentry"],"_links":{"self":[{"href":"https:\/\/www.cabanhadafigueira.com.br\/site\/wp-json\/wp\/v2\/pages\/10"}],"collection":[{"href":"https:\/\/www.cabanhadafigueira.com.br\/site\/wp-json\/wp\/v2\/pages"}],"about":[{"href":"https:\/\/www.cabanhadafigueira.com.br\/site\/wp-json\/wp\/v2\/types\/page"}],"author":[{"embeddable":true,"href":"https:\/\/www.cabanhadafigueira.com.br\/site\/wp-json\/wp\/v2\/users\/1"}],"replies":[{"embeddable":true,"href":"https:\/\/www.cabanhadafigueira.com.br\/site\/wp-json\/wp\/v2\/comments?post=10"}],"version-history":[{"count":13,"href":"https:\/\/www.cabanhadafigueira.com.br\/site\/wp-json\/wp\/v2\/pages\/10\/revisions"}],"predecessor-version":[{"id":166,"href":"https:\/\/www.cabanhadafigueira.com.br\/site\/wp-json\/wp\/v2\/pages\/10\/revisions\/166"}],"wp:attachment":[{"href":"https:\/\/www.cabanhadafigueira.com.br\/site\/wp-json\/wp\/v2\/media?parent=10"}],"curies":[{"name":"wp","href":"https:\/\/api.w.org\/{rel}","templated":true}]}}